{"id":69,"date":"2020-10-20T09:18:44","date_gmt":"2020-10-20T07:18:44","guid":{"rendered":"http:\/\/zspmyszkow3.bipmyszkow.pl\/?page_id=69"},"modified":"2025-04-15T11:21:17","modified_gmt":"2025-04-15T09:21:17","slug":"rodo-2","status":"publish","type":"page","link":"https:\/\/zspmyszkow3.bipmyszkow.pl\/?page_id=69","title":{"rendered":"RODO"},"content":{"rendered":"\n<p class=\"has-text-align-center\"><strong>KLAUZULA INFORMACYJNA<br>o przetwarzaniu danych osobowych<\/strong><\/p>\n\n\n\n<p>Zgodnie z Rozporz\u0105dzeniem Parlamentu Europejskiego i Rady (UE) 2016\/679 z dnia 27 kwiecie\u0144 2016r. w sprawie ochrony os\u00f3b fizycznych w z przetwarzaniem danych osobowych oraz Ustaw\u0105 z dnia 10 maja 2018r. o ochronie danych osobowych (Dz.U 1000 z 2018r.) Informujemy, \u017ce:<\/p>\n\n\n\n<ol>\n<li>Administratorem Danych Osobowych jest: Szko\u0142a Podstawowa z Oddzia\u0142ami Integracyjnymi Nr 3 w Myszkowie, ul. Ko\u015bciuszki 30 42-300 Myszk\u00f3w; NIP: 577-17-85-421 reprezentowanym przez Dyrektora Szko\u0142y<\/li>\n\n\n\n<li>Dane osobowe osoby (dziecka czy rodzica\/opiekuna) przetwarzane b\u0119d\u0105 w celu realizacji statutowych zada\u0144 szko\u0142y.<\/li>\n\n\n\n<li>Dane s\u0105 udost\u0119pnione jedynie podmiotom \u015bci\u015ble wsp\u00f3\u0142pracuj\u0105cym ze szko\u0142\u0105 (s\u0142u\u017cby prawne, informatyczne i inspektor danych osobowych) oraz organom pa\u0144stwowym na mocy odr\u0119bnych ustaw (s\u0105d, prokuratura, policja).<\/li>\n\n\n\n<li>Dane nie s\u0105 profilowane ani przekazywane za granice.<\/li>\n\n\n\n<li>Posiada Pani\/ Pan prawo dost\u0119pu do tre\u015bci danych oraz prawo ich sprostowania, usuni\u0119cia, ograniczenia przetwarzania, prawo do przenoszenia danych, prawo wniesienia sprzeciwu, prawo do cofni\u0119cia zgody na przetwarzanie w dowolnym momencie bez wp\u0142ywu na zgodno\u015b\u0107 z prawem przetwarzania, kt\u00f3rego dokonano na podstawie zgody wyra\u017conej przed jej cofni\u0119ciem.<\/li>\n\n\n\n<li>Pe\u0142ne informacje na temat Pani\/Pana danych osobowych oraz przys\u0142uguj\u0105cych Pani\/Panu praw udzielane s\u0105 w siedzibie Szko\u0142y, mo\u017cna o nie pyta\u0107 osobi\u015bcie, listownie lub mailowo na adres szko\u0142y:&nbsp;<a href=\"mailto:szkolazawada@wp.pl\">mail<\/a><br>Przys\u0142uguje Pani\/ Panu prawo skargi do organu nadzorczego, tj: Prezesa Urz\u0119du Ochrony Danych Osobowych.<\/li>\n<\/ol>\n\n\n\n<p><strong>KLAUZULA INFORMACYJNA RODO<\/strong><\/p>\n\n\n\n<p><strong>&nbsp;<\/strong>dla os\u00f3b wchodz\u0105cych (wychodz\u0105cych) na teren Szko\u0142y&nbsp;<\/p>\n\n\n\n<p>Zgodnie z art.13 ust.1 i 2 Rozporz\u0105dzenia Parlamentu Europejskiego i Rady (UE) 2016\/679 z dnia 27 kwietnia 2016 r. w sprawie ochrony os\u00f3b fizycznych w zwi\u0105zku z przetwarzaniem danych osobowych i w sprawie swobodnego przep\u0142ywu takich danych oraz uchylenia dyrektywy 95\/46\/WE (og\u00f3lne rozporz\u0105dzenie&nbsp; o ochronie danych) \u2013&nbsp; RODO \/Dz.Urz. UE L 119 z 04.05.2016, str.1 z p\u00f3\u017an.zm.\/ informuj\u0119, i\u017c:<\/p>\n\n\n\n<figure class=\"wp-block-table\"><table><tbody><tr><td><strong>To\u017csamo\u015b\u0107 i dane kontaktowe Administratora&nbsp;<\/strong> <strong>&nbsp;<\/strong><\/td><td>Administratorem Pani\/Pana danych osobowych jest Szko\u0142a Podstawowa z Oddzia\u0142ami Integracyjnymi Nr 3 im. Tadeusza Ko\u015bciuszki w Myszkowie z siedzib\u0105 przy ul. Ko\u015bciuszki 30, 42-300 Myszk\u00f3w, e-mail:&nbsp; <a href=\"mailto:sekretariat@sp3myszkow.edu.pl\">sekretariat@sp3myszkow.edu.pl<\/a> &nbsp;&nbsp;,&nbsp;&nbsp; tel. 34 313 28 56<\/td><\/tr><tr><td><strong>Dane kontaktowe Inspektora Ochrony Danych<\/strong><\/td><td>Administrator \u2013 wyznaczy\u0142 Inspektora ochrony danych \/IOD\/, kt\u00f3rym jest Pan Jacek Or\u0142owski, z kt\u00f3rym mo\u017ce si\u0119 Pani\/Pan skontaktowa\u0107 poprzez: \u2022 adres e-mail: <a href=\"mailto:sekretariat@sp3myszkow.edu.pl\">sekretariat@sp3myszkow.edu.pl<\/a> \u2022 pisemnie pod adresem:&nbsp; 42-300 Myszk\u00f3w ul. Ko\u015bciuszki 30.&nbsp;&nbsp; &nbsp;&nbsp;&nbsp;&nbsp;&nbsp;&nbsp;&nbsp;&nbsp;&nbsp; Z inspektorem ochrony danych mo\u017cna si\u0119 kontaktowa\u0107 we wszystkich sprawach dotycz\u0105cych przetwarzania danych osobowych oraz korzystania z praw zwi\u0105zanych z przetwarzaniem danych.<\/td><\/tr><tr><td><strong>Cele przetwarzania&nbsp;&nbsp;&nbsp;&nbsp;&nbsp;&nbsp;&nbsp;&nbsp;&nbsp;&nbsp;&nbsp;&nbsp;&nbsp;&nbsp;&nbsp;&nbsp;&nbsp;&nbsp;&nbsp;&nbsp;&nbsp;&nbsp;&nbsp;&nbsp; i podstawa prawna<\/strong><strong><\/strong><\/td><td>Pani\/Pana&nbsp; dane&nbsp; osobowe&nbsp; przetwarzane&nbsp; b\u0119d\u0105&nbsp; w&nbsp;celu prowadzenia ewidencji os\u00f3b odwiedzaj\u0105cych Szko\u0142\u0119, na podstawie ustawy z dnia 14 grudnia 2016 r. Prawo o\u015bwiatowe. Przetwarzanie jest niezb\u0119dne do wykonania zadania realizowanego w interesie publicznym art.6 ust.1 lit e RODO tj. zapewnienie bezpiecze\u0144stwa na terenie Szko\u0142y.<\/td><\/tr><tr><td><strong>Odbiorcy danych<\/strong> &nbsp;<\/td><td>Pani\/ Pana dane mog\u0105 by\u0107 udost\u0119pnione podmiotom upowa\u017cnionym na podstawie przepis\u00f3w prawa. Dodatkowo dane mog\u0105 by\u0107 ujawnione podmiotom przetwarzaj\u0105cym na zlecenie i w imieniu Administratora, na podstawie zawartej umowy powierzenia przetwarzania danych osobowych, w celu \u015bwiadczenia okre\u015blonych w umowie us\u0142ug np. serwisu, rozwoju i utrzymania system\u00f3w informatycznych. &nbsp;<\/td><\/tr><tr><td><strong>Okres przechowywania&nbsp; danych<\/strong><\/td><td>Dane osobowe przechowywane b\u0119d\u0105 w okresie zgodnym z przepisami prawa,&nbsp; w tym rozporz\u0105dzenia RM z dnia 18 stycznia 2011 r. w sprawie instrukcji kancelaryjnej, jednolitych rzeczowych wykaz\u00f3w akt oraz instrukcji w sprawie organizacji i zakresu dzia\u0142ania archiw\u00f3w zak\u0142adowych, a w przypadku wyra\u017cenia zgody na przetwarzanie danych, do czasu jej cofni\u0119cia.<\/td><\/tr><tr><td><strong>Pani\/Pana prawa zwi\u0105zane z przetwarzaniem danych osobowych<\/strong><strong><\/strong><\/td><td>Do \u017c\u0105dania od Administratora dost\u0119pu do swoich danych osobowych oraz prawo ich sprostowania, usuni\u0119cia lub ograniczenia przetwarzania, prawo wniesienia sprzeciwu wobec ich przetwarzania oraz prawo do przenoszenia danych.Je\u015bli przetwarzanie odbywa si\u0119 na podstawie zgody, do cofni\u0119cia zgody&nbsp;&nbsp;&nbsp;&nbsp;&nbsp;&nbsp;&nbsp;&nbsp;&nbsp;&nbsp;&nbsp;&nbsp;&nbsp;&nbsp;&nbsp;&nbsp;&nbsp;&nbsp; &nbsp;&nbsp;&nbsp;w dowolnym momencie bez wp\u0142ywu na zgodno\u015b\u0107 z prawem przetwarzania, kt\u00f3rego dokonano na podstawie zgody przed jej cofni\u0119ciem.Do wniesienia skargi do organu nadzorczego tj. Prezes Urz\u0119du Ochrony Danych Osobowych \/PUODO\/ ul. Stawki 2, 00-193 Warszawa, gdy uzna Pani\/Pan, \u017ce przetwarzanie dotycz\u0105cych jej\/jego danych osobowych narusza przepisy RODO.<\/td><\/tr><tr><td><strong>Informacja o zamiarze przekazywania danych osobowych do pa\u0144stwa trzeciego lub orgfanizacji mi\u0119dzynarodowej<\/strong> <strong>&nbsp;<\/strong><\/td><td>Pani\/Pana dane osobowe nie b\u0119d\u0105 przekazywane do pa\u0144stwa trzeciego lub organizacji mi\u0119dzynarodowej. &nbsp;<\/td><\/tr><tr><td><strong>Informacja&nbsp;&nbsp;&nbsp;&nbsp;&nbsp;&nbsp;&nbsp;&nbsp;&nbsp;&nbsp;&nbsp;&nbsp;&nbsp;&nbsp;&nbsp;&nbsp;&nbsp;&nbsp;&nbsp;&nbsp;&nbsp;&nbsp;&nbsp;&nbsp;&nbsp;&nbsp;&nbsp;&nbsp;&nbsp;&nbsp;&nbsp;&nbsp;&nbsp;&nbsp;&nbsp;&nbsp; o dowolno\u015bci lub obowi\u0105zku podania danych<\/strong><\/td><td>Podanie danych osobowych, w zakresie prowadzonej ewidencji wej\u015bcia \/ wyj\u015bcia na teren Szko\u0142y, jest obowi\u0105zkowe. &nbsp; &nbsp;&nbsp;&nbsp;&nbsp;&nbsp;&nbsp;&nbsp;&nbsp;&nbsp;&nbsp;&nbsp;&nbsp;&nbsp;&nbsp;&nbsp;&nbsp;&nbsp;&nbsp;&nbsp;&nbsp;&nbsp;&nbsp;&nbsp;&nbsp;&nbsp;&nbsp;&nbsp;&nbsp;&nbsp;&nbsp;&nbsp;&nbsp;&nbsp;&nbsp;&nbsp;&nbsp;<\/td><\/tr><tr><td><strong>Informacja o zautomatyzowanym podejmowaniu decyzji w tym o profilowaniu<\/strong><\/td><td>Przetwarzanie podanych przez Pani\u0105\/Pana danych osobowych nie b\u0119dzie podlega\u0142o zautomatyzowanemu poodejmowaniu decyzji, w tym profilowaniu,&nbsp;&nbsp;&nbsp;&nbsp;&nbsp;&nbsp;&nbsp;&nbsp;&nbsp;&nbsp;&nbsp;&nbsp;&nbsp;&nbsp;&nbsp;&nbsp;&nbsp;&nbsp;&nbsp;&nbsp; o kt\u00f3rym mowa w art. 22 ust. 1 i 4 RODO. &nbsp;<\/td><\/tr><\/tbody><\/table><\/figure>\n\n\n\n<div class=\"wp-block-file\"><a id=\"wp-block-file--media-9842860d-29be-4d11-8a73-0a72479bc963\" href=\"https:\/\/zspmyszkow3.bipmyszkow.pl\/wp-content\/uploads\/2025\/04\/klauzula-informacyjna-RODO.docx\">klauzula-informacyjna-RODO<\/a><a href=\"https:\/\/zspmyszkow3.bipmyszkow.pl\/wp-content\/uploads\/2025\/04\/klauzula-informacyjna-RODO.docx\" class=\"wp-block-file__button wp-element-button\" download aria-describedby=\"wp-block-file--media-9842860d-29be-4d11-8a73-0a72479bc963\">Pobierz<\/a><\/div>\n\n\n\n<div class=\"wp-block-group is-layout-flow wp-block-group-is-layout-flow\"><div class=\"wp-block-group__inner-container\"><\/div><\/div>\n\n\n\n<pre class=\"wp-block-preformatted\"><strong>Metryczka<\/strong>\n\u0179r\u00f3d\u0142o informacji: \nData utworzenia: 2020-10-20 09:18:44\nWprowadzi\u0142 do systemu: \nData wprowadzenia: 2020-10-20 09:18:44\nOstatnia zmiana: 2025-04-15 11:21:17\nIlo\u015b\u0107 wy\u015bwietle\u0144: 128 views <\/pre>\n<div class=\"revision-history\"><strong>Rejestr Zmian:<\/strong><ul class='revision-list'><li>15 April 2025 at 09:21 by Agnieszka Lamch (<em>obecnie przegl?dasz<\/em>)<\/li><li><a href=\"?revision=637&rest_route=\/wp\/v2\/pages\/69\">15 April 2025 at 09:21<\/a> by Eugeniusz Bugaj<\/li><li><a href=\"?revision=145&rest_route=\/wp\/v2\/pages\/69\">4 February 2021 at 07:15<\/a> by Agnieszka Lamch<\/li><li><a href=\"?revision=100&rest_route=\/wp\/v2\/pages\/69\">3 February 2021 at 09:05<\/a> by Agnieszka Lamch<\/li><li><a href=\"?revision=70&rest_route=\/wp\/v2\/pages\/69\">20 October 2020 at 07:18<\/a> by Agnieszka Lamch<\/li><\/ul><\/div>","protected":false},"excerpt":{"rendered":"<p>KLAUZULA INFORMACYJNAo przetwarzaniu danych osobowych Zgodnie z Rozporz\u0105dzeniem Parlamentu Europejskiego i Rady (UE) 2016\/679 z dnia 27 kwiecie\u0144 2016r. w sprawie ochrony os\u00f3b fizycznych w z przetwarzaniem danych osobowych oraz Ustaw\u0105 z dnia 10 maja 2018r. o ochronie danych osobowych (Dz.U 1000 z 2018r.) Informujemy, \u017ce: KLAUZULA INFORMACYJNA RODO &nbsp;dla os\u00f3b wchodz\u0105cych (wychodz\u0105cych) na teren &hellip; <a href=\"https:\/\/zspmyszkow3.bipmyszkow.pl\/?page_id=69\" class=\"more-link\">Continue reading <span class=\"screen-reader-text\">RODO<\/span><\/a><\/p>\n","protected":false},"author":1,"featured_media":0,"parent":0,"menu_order":0,"comment_status":"closed","ping_status":"closed","template":"","meta":{"footnotes":""},"_links":{"self":[{"href":"https:\/\/zspmyszkow3.bipmyszkow.pl\/index.php?rest_route=\/wp\/v2\/pages\/69"}],"collection":[{"href":"https:\/\/zspmyszkow3.bipmyszkow.pl\/index.php?rest_route=\/wp\/v2\/pages"}],"about":[{"href":"https:\/\/zspmyszkow3.bipmyszkow.pl\/index.php?rest_route=\/wp\/v2\/types\/page"}],"author":[{"embeddable":true,"href":"https:\/\/zspmyszkow3.bipmyszkow.pl\/index.php?rest_route=\/wp\/v2\/users\/1"}],"replies":[{"embeddable":true,"href":"https:\/\/zspmyszkow3.bipmyszkow.pl\/index.php?rest_route=%2Fwp%2Fv2%2Fcomments&post=69"}],"version-history":[{"count":4,"href":"https:\/\/zspmyszkow3.bipmyszkow.pl\/index.php?rest_route=\/wp\/v2\/pages\/69\/revisions"}],"predecessor-version":[{"id":637,"href":"https:\/\/zspmyszkow3.bipmyszkow.pl\/index.php?rest_route=\/wp\/v2\/pages\/69\/revisions\/637"}],"wp:attachment":[{"href":"https:\/\/zspmyszkow3.bipmyszkow.pl\/index.php?rest_route=%2Fwp%2Fv2%2Fmedia&parent=69"}],"curies":[{"name":"wp","href":"https:\/\/api.w.org\/{rel}","templated":true}]}}