{"id":141,"date":"2021-02-03T20:04:06","date_gmt":"2021-02-03T19:04:06","guid":{"rendered":"http:\/\/zspmyszkow3.bipmyszkow.pl\/?page_id=141"},"modified":"2024-04-01T14:18:44","modified_gmt":"2024-04-01T12:18:44","slug":"witamy","status":"publish","type":"page","link":"https:\/\/zspmyszkow3.bipmyszkow.pl\/","title":{"rendered":"Witamy"},"content":{"rendered":"\n<p class=\"has-text-align-center\"><strong>Szko\u0142a Podstawowa z Oddzia\u0142ami Integracyjnymi Nr 3 im. Tadeusza Ko\u015bciuszki w Myszkowie<\/strong><\/p>\n\n\n\n<p class=\"has-text-align-center\">ul. Ko\u015bciuszki 30<br>42-300 Myszk\u00f3w<\/p>\n\n\n\n<p class=\"has-text-align-center\">tel.: (+48) 34-313-28-56<\/p>\n\n\n\n<p class=\"has-text-align-center\">strona www:\u00a0zspmyszkow3.edupage.org<br>e-mail:\u00a0sekretariat@sp3myszkow.edu.pl<\/p>\n\n\n\n<p class=\"has-text-align-center\">ePUAP: \/SP3Myszkow\/domyslna<\/p>\n\n\n\n<p class=\"has-text-align-center\">NIP: 577-18-65-781<br>Regon: 000710776<\/p>\n\n\n\n<pre class=\"wp-block-preformatted\"><strong>Metryczka<\/strong>\n\u0179r\u00f3d\u0142o informacji:  \nData utworzenia: 2021-02-03 20:04:06\nWprowadzi\u0142 do systemu:  \nData wprowadzenia: 2021-02-03 20:04:06\nOstatnia zmiana: 2024-04-01 14:18:44\nIlo\u015b\u0107 wy\u015bwietle\u0144: 7&nbsp;224 views<\/pre>\n<div class=\"revision-history\"><strong>Rejestr Zmian:<\/strong><ul class='revision-list'><li>1 April 2024 at 12:18 by Agnieszka Lamch (<em>obecnie przegl?dasz<\/em>)<\/li><li><a href=\"?revision=514&rest_route=\/wp\/v2\/pages\/141\">1 April 2024 at 12:18<\/a> by Eugeniusz Bugaj<\/li><li><a href=\"?revision=480&rest_route=\/wp\/v2\/pages\/141\">17 November 2023 at 16:43<\/a> by Eugeniusz Bugaj<\/li><li><a href=\"?revision=365&rest_route=\/wp\/v2\/pages\/141\">15 March 2023 at 12:19<\/a> by Agnieszka Lamch<\/li><li><a href=\"?revision=340&rest_route=\/wp\/v2\/pages\/141\">8 November 2022 at 19:03<\/a> by Agnieszka Lamch<\/li><li><a href=\"?revision=338&rest_route=\/wp\/v2\/pages\/141\">13 October 2022 at 06:30<\/a> by Agnieszka Lamch<\/li><li><a href=\"?revision=152&rest_route=\/wp\/v2\/pages\/141\">30 March 2021 at 19:09<\/a> by Agnieszka Lamch<\/li><li><a href=\"?revision=142&rest_route=\/wp\/v2\/pages\/141\">3 February 2021 at 19:04<\/a> by Agnieszka Lamch<\/li><\/ul><\/div>","protected":false},"excerpt":{"rendered":"<p>Szko\u0142a Podstawowa z Oddzia\u0142ami Integracyjnymi Nr 3 im. Tadeusza Ko\u015bciuszki w Myszkowie ul. Ko\u015bciuszki 3042-300 Myszk\u00f3w tel.: (+48) 34-313-28-56 strona www:\u00a0zspmyszkow3.edupage.orge-mail:\u00a0sekretariat@sp3myszkow.edu.pl ePUAP: \/SP3Myszkow\/domyslna NIP: 577-18-65-781Regon: 000710776 Metryczka \u0179r\u00f3d\u0142o informacji: Data utworzenia: Wprowadzi\u0142 do systemu: Data wprowadzenia: Ostatnia zmiana: Ilo\u015b\u0107 wy\u015bwietle\u0144: Rejestr Zmian: 1 April 2024 at 12:18 by Agnieszka Lamch (obecnie przegl?dasz) 1 April 2024 &hellip; <a href=\"https:\/\/zspmyszkow3.bipmyszkow.pl\/\" class=\"more-link\">Continue reading <span class=\"screen-reader-text\">Witamy<\/span><\/a><\/p>\n","protected":false},"author":1,"featured_media":0,"parent":0,"menu_order":0,"comment_status":"closed","ping_status":"closed","template":"","meta":{"footnotes":""},"_links":{"self":[{"href":"https:\/\/zspmyszkow3.bipmyszkow.pl\/index.php?rest_route=\/wp\/v2\/pages\/141"}],"collection":[{"href":"https:\/\/zspmyszkow3.bipmyszkow.pl\/index.php?rest_route=\/wp\/v2\/pages"}],"about":[{"href":"https:\/\/zspmyszkow3.bipmyszkow.pl\/index.php?rest_route=\/wp\/v2\/types\/page"}],"author":[{"embeddable":true,"href":"https:\/\/zspmyszkow3.bipmyszkow.pl\/index.php?rest_route=\/wp\/v2\/users\/1"}],"replies":[{"embeddable":true,"href":"https:\/\/zspmyszkow3.bipmyszkow.pl\/index.php?rest_route=%2Fwp%2Fv2%2Fcomments&post=141"}],"version-history":[{"count":7,"href":"https:\/\/zspmyszkow3.bipmyszkow.pl\/index.php?rest_route=\/wp\/v2\/pages\/141\/revisions"}],"predecessor-version":[{"id":514,"href":"https:\/\/zspmyszkow3.bipmyszkow.pl\/index.php?rest_route=\/wp\/v2\/pages\/141\/revisions\/514"}],"wp:attachment":[{"href":"https:\/\/zspmyszkow3.bipmyszkow.pl\/index.php?rest_route=%2Fwp%2Fv2%2Fmedia&parent=141"}],"curies":[{"name":"wp","href":"https:\/\/api.w.org\/{rel}","templated":true}]}}